{"id":77,"date":"2017-10-15T23:47:07","date_gmt":"2017-10-15T22:47:07","guid":{"rendered":"http:\/\/sv.wilhelm-ostwald-schule.de\/?page_id=77"},"modified":"2018-10-04T00:15:44","modified_gmt":"2018-10-03T23:15:44","slug":"sv-2017-2018","status":"publish","type":"page","link":"https:\/\/sv.wilhelm-ostwald-schule.de\/?page_id=77","title":{"rendered":"SV 2017-2018"},"content":{"rendered":"<p><div class=\"h5ab-print-button-container\"><div class=\"h5ab-print-button h5ab-print-button-right\" style=\"cursor: pointer; color: #ce0202\"><i class=\"fa fa-print fa-lg\"><\/i>\n\t\t\t\t\t\t\t<span>Drucken<\/span><\/div><\/div>Die <strong>Gesamtsch\u00fclervertretung<\/strong> kann \u00fcber die Adresse\u00a0 gesamtschuelervertretung@wilhelm-ostwald-schule.de angeschrieben werden.<\/p>\n<p><strong>Schulsprecher <\/strong>Email: Schulsprecher@wilhelm-ostwald-schule.de<\/p>\n<ul>\n<li>Josephine Krug GTA51<\/li>\n<li>Josephine Vo\u00df BG50<\/li>\n<li>Maximilian Rothe BG60<\/li>\n<li>Valentin Wei\u00df 27-23<\/li>\n<\/ul>\n<p><strong>Sch\u00fclervertreter aus den Bildungsg\u00e4ngen<\/strong><\/p>\n<p><em><strong>Abteilung 1<\/strong><\/em><\/p>\n<ul>\n<li><strong>Techniker <\/strong>Email: SV-Techniker@wilhelm-ostwald-schule.de\n<ul>\n<li>TK70 Daniel Riesler<\/li>\n<li>TK73 Paul Schimang<\/li>\n<\/ul>\n<\/li>\n<li><strong>Berufsschule <\/strong>Email: SV-Berufsschule@wilhelm-ostwald-schule.de\n<ul>\n<li>Montagssprecher\n<ul>\n<li>27-11 Kevin Maupetit<\/li>\n<li>27-11 Oliver Gromann<\/li>\n<\/ul>\n<\/li>\n<li>Dienstagssprecher\n<ul>\n<li>57-1 Charlotte Roelcke<\/li>\n<\/ul>\n<\/li>\n<li>Mittwochssprecher\n<ul>\n<li>46-13 Paula Streitenberger<\/li>\n<li>27-23 Valentin Wei\u00df<\/li>\n<\/ul>\n<\/li>\n<li>Donnerstagssprecher\n<ul>\n<li>45-11 Alexander Busch<\/li>\n<li>26-14 Jason Harley Klie<\/li>\n<\/ul>\n<\/li>\n<li>Freitagssprecher\n<ul>\n<li>16-15 Luca Kolbe<\/li>\n<\/ul>\n<\/li>\n<\/ul>\n<\/li>\n<li><strong>Willkommensklassen <\/strong>Email: Nicht vorhanden!\n<ul>\n<li>Wil4 Saleh Sedan Hassan<\/li>\n<li>Wil7 Basim Bashir Suleman<\/li>\n<\/ul>\n<\/li>\n<\/ul>\n<p><strong>Abteilung 2<\/strong><\/p>\n<ul>\n<li><strong>IBA <\/strong>Email:<strong>\u00a0<\/strong>SV-IBA@wilhelm-ostwald-schule.de\n<ul>\n<li>E71 Ilayda Zemke<\/li>\n<li>E71 Joseph Mohamed<\/li>\n<li>E72 Dilara Vural<\/li>\n<li>G71a Emir G\u00fcvencli<\/li>\n<\/ul>\n<\/li>\n<li><strong>FOS \/GTA <\/strong>Email: SV-FOS-GTA@wilhelm-ostwald-schule.de\n<ul>\n<li>GTa72\u00a0 Berfin\u00a0Yanar<\/li>\n<li>GTA51 Josephine Krug<\/li>\n<li>OF71 Feline Basiner<\/li>\n<\/ul>\n<\/li>\n<li><strong>BG <\/strong>Email: SV-BG@wilhelm-ostwald-schule.de\n<ul>\n<li>BG50 Josephine Vo\u00df<\/li>\n<li>BG60 Leonie He\u00df (Vertretung f\u00fcr Josephine)<\/li>\n<li>BG60 Maximilian Rothe<\/li>\n<li>BG71 Maximilian Biernat<\/li>\n<\/ul>\n<\/li>\n<\/ul>\n<p>Die Anzahl der Vertreter aus den Bildungsg\u00e4ngen zur Bildung der Gesamtsch\u00fclervertretung entnehmen Sie bitte dem Schaubild.<\/p>\n<p><a href=\"http:\/\/sv.wilhelm-ostwald-schule.de\/wp-content\/uploads\/2017\/10\/sv2017-Mitglieder.gif\"><img decoding=\"async\" loading=\"lazy\" class=\"alignnone size-medium wp-image-39\" src=\"http:\/\/sv.wilhelm-ostwald-schule.de\/wp-content\/uploads\/2017\/10\/sv2017-Mitglieder-300x230.gif\" alt=\"Sch\u00fclervertretung 2017\" width=\"300\" height=\"230\" \/><\/a><\/p>\n<p><strong>Ergebnisse der Wahlen zu den schulischen Gremien<\/strong><\/p>\n<p>Sch\u00fclervertreter\/innen f\u00fcr die Schulkonferenz: Email: SV-Schulkonferenz@wilhelm-ostwald-schule.de<\/p>\n<ul>\n<li>Valentin Wei\u00df 27-23<\/li>\n<li>Leonie He\u00df BG60<\/li>\n<li>Berfin Yanar GTA72 (Vertreterin f\u00fcr Valentin oder Leonie)<\/li>\n<\/ul>\n<p>Vertreter f\u00fcr die Gesamtkonferenz: Email: SV-Gesamtkonferenz@wilhelm-ostwald-schule.de<\/p>\n<ul>\n<li>Josephine Krug GTA51<\/li>\n<li>Josephine Vo\u00df BG50<\/li>\n<\/ul>\n<p>Vertreter f\u00fcr die Abteilungskonferenzen: Email:<\/p>\n<ul>\n<li>SV-Abteilung1@wilhelm-ostwald-schule.de<\/li>\n<li>Abteilung 1: Daniel Riesler TK70, Jessica Otto TK70<\/li>\n<li>SV-Abteilung2@wilhelm-ostwald-schule.de<\/li>\n<li>Abteilung 2: Berfin Yanar GTA72, Leonie He\u00df BG60, Dilara Vural E72, Ren\u00e9 Amoako E72 (jeweils nur 2 Vertreter und 2 Stellvertreter)<\/li>\n<\/ul>\n<p>Teilnehmer der Essenskommission von Sch\u00fclerseite:<\/p>\n<p>SV-Essenskommission@wilhelm-ostwald-schule.de<\/p>\n<ul>\n<li>Berfin Yanar GTA72<\/li>\n<li>Maximilian Biernat BG71<\/li>\n<li>Leonie He\u00df BG60<\/li>\n<li>Josephine Vo\u00df BG50<\/li>\n<li>Josephine Krug GTA51<\/li>\n<li>Basim Bashir Suleman Wil7<\/li>\n<\/ul>\n<p>&nbsp;<\/p>\n<p>&nbsp;<\/p>\n","protected":false},"excerpt":{"rendered":"<p>Die Gesamtsch\u00fclervertretung kann \u00fcber die Adresse\u00a0 gesamtschuelervertretung@wilhelm-ostwald-schule.de angeschrieben werden. Schulsprecher Email: Schulsprecher@wilhelm-ostwald-schule.de Josephine Krug GTA51 Josephine Vo\u00df BG50 Maximilian Rothe BG60 Valentin Wei\u00df 27-23 Sch\u00fclervertreter aus den Bildungsg\u00e4ngen Abteilung 1 &hellip; <\/p>\n<p class=\"link-more\"><a href=\"https:\/\/sv.wilhelm-ostwald-schule.de\/?page_id=77\" class=\"more-link\"><span class=\"screen-reader-text\">\u201eSV 2017-2018\u201c<\/span> weiterlesen<\/a><\/p>\n","protected":false},"author":2,"featured_media":0,"parent":0,"menu_order":0,"comment_status":"closed","ping_status":"closed","template":"","meta":[],"_links":{"self":[{"href":"https:\/\/sv.wilhelm-ostwald-schule.de\/index.php?rest_route=\/wp\/v2\/pages\/77"}],"collection":[{"href":"https:\/\/sv.wilhelm-ostwald-schule.de\/index.php?rest_route=\/wp\/v2\/pages"}],"about":[{"href":"https:\/\/sv.wilhelm-ostwald-schule.de\/index.php?rest_route=\/wp\/v2\/types\/page"}],"author":[{"embeddable":true,"href":"https:\/\/sv.wilhelm-ostwald-schule.de\/index.php?rest_route=\/wp\/v2\/users\/2"}],"replies":[{"embeddable":true,"href":"https:\/\/sv.wilhelm-ostwald-schule.de\/index.php?rest_route=%2Fwp%2Fv2%2Fcomments&post=77"}],"version-history":[{"count":4,"href":"https:\/\/sv.wilhelm-ostwald-schule.de\/index.php?rest_route=\/wp\/v2\/pages\/77\/revisions"}],"predecessor-version":[{"id":180,"href":"https:\/\/sv.wilhelm-ostwald-schule.de\/index.php?rest_route=\/wp\/v2\/pages\/77\/revisions\/180"}],"wp:attachment":[{"href":"https:\/\/sv.wilhelm-ostwald-schule.de\/index.php?rest_route=%2Fwp%2Fv2%2Fmedia&parent=77"}],"curies":[{"name":"wp","href":"https:\/\/api.w.org\/{rel}","templated":true}]}}